{"id":42,"date":"2026-04-07T18:32:04","date_gmt":"2026-04-07T16:32:04","guid":{"rendered":"https:\/\/lbm-editions.com\/?page_id=42"},"modified":"2026-04-07T18:45:17","modified_gmt":"2026-04-07T16:45:17","slug":"references","status":"publish","type":"page","link":"https:\/\/lbm-editions.com\/?page_id=42","title":{"rendered":"R\u00e9f\u00e9rences"},"content":{"rendered":"\n<p class=\"has-montserrat-font-family has-large-font-size\" style=\"margin-top:0px;margin-right:0px;margin-bottom:0px;margin-left:0px;padding-top:0px;padding-right:0px;padding-bottom:0px;padding-left:0px\"><strong>De l\u2019auteur<\/strong><\/p>\n\n\n\n<p><strong>2025<\/strong><\/p>\n\n\n\n<ul style=\"margin-top:0;margin-bottom:0;padding-top:0px;padding-right:0;padding-bottom:0px;padding-left:0\" class=\"wp-block-list has-small-font-size\">\n<li>Revue&nbsp;<em>Picsou Magazine<\/em>&nbsp;#590 (novembre\/d\u00e9cembre 2025). 60<sup>e<\/sup>&nbsp;anniversaire de Gamera, pages&nbsp;20 et 21.<\/li>\n\n\n\n<li>Coffret Blu-ray&nbsp;<em>Lady Battle Cop<\/em>&nbsp;(Roboto Films). R\u00e9daction du livret de 34&nbsp;pages&nbsp;<em>L\u2019autre Robocop<\/em>. Et entretien avec Hiroshi Butsuda \u2014 concepteurs des d\u00e9cors SFX \u2014 entretien avec Masaru Matsuda \u2014 com\u00e9dien \u2014 r\u00f4le d\u2019Amadeus (avec la collaboration de Five Colors Company, Patrice Ratier).<\/li>\n\n\n\n<li>Coffret Blu-ray&nbsp;<em>Kamen Rider \u2014 Les films Showa<\/em>&nbsp;(Roboto Films). R\u00e9daction du livret de 68&nbsp;pages&nbsp;<em>Kamen Rider&nbsp;: au-del\u00e0 du masque.<\/em><\/li>\n\n\n\n<li>Magazine&nbsp;<em>L\u2019\u00e9cran fantastique Vintage Volume&nbsp;2<\/em>&nbsp;(janvier 2025). Supervision du magazine. Auteur de plusieurs articles :&nbsp;<em>Les marionnettistes du kaij\u00fb eiga<\/em>, entretien avec Shinji Higuchi (en collaboration avec Adrien Maurizi et Jordan Guichaux), entretien avec Yosuke Nakano, entretien avec Shin\u2019ichi Wakasa (en collaboration avec Jean-Baptiste Pujolle et Jordan Guichaux),&nbsp;<em>Bambi meets Godzilla,&nbsp;Kaij\u00fb made in Kassovitz<\/em><\/li>\n\n\n\n<li><em>Comics V Tome 3\/6<\/em>&nbsp;(Black Box \u00c9ditions, en partenariat avec Little Big Monsters \u00c9ditions)&nbsp;: en bonus, entretien avec Kenneth Johnson, le cr\u00e9ateur de l\u2019\u0153uvre originale.<\/li>\n\n\n\n<li><em>Comics V Tome 4\/6<\/em>&nbsp;(Black Box \u00c9ditions, en partenariat avec Little Big Monsters \u00c9ditions)&nbsp;: en bonus, retour sur&nbsp;<em>V&nbsp;: la bataille finale.<\/em><\/li>\n<\/ul>\n\n\n\n<p><strong>2024<\/strong><\/p>\n\n\n\n<ul style=\"margin-top:0;margin-bottom:0;padding-right:0;padding-left:0\" class=\"wp-block-list has-small-font-size\">\n<li>Magazine&nbsp;<em>L\u2019\u00e9cran fantastique Vintage Volume 1<\/em>&nbsp;(octobre 2024). Supervision du hors-s\u00e9rie. Auteur de plusieurs articles :&nbsp;<em>Aux origines du mythe,&nbsp;Les Godzilla japonais<\/em>&nbsp;(en collaboration avec Jean-Pierre Andrevon),&nbsp;<em>Les anges gardiens de Godzilla : cin\u00e9astes de l\u00e9gendes,&nbsp;Les acteurs iconiques de la saga Godzilla<\/em>, entretien avec Akira Takarada.<\/li>\n\n\n\n<li>Exposition&nbsp;<em>Godzilla, 70 ans du Roi des Monstres<\/em>, Japan Expo Paris, 11-14 juillet 2024. Collaboration avec la Toho et textes des visuels de l\u2019exposition. Entretien avec Shinji Higuchi (<em>Shin Godzilla, Neon Genesis Evangelion, L\u2019attaque des Titans<\/em>).<\/li>\n\n\n\n<li><em>Comics V Tome 1\/6<\/em>&nbsp;(Black Box \u00c9ditions, en partenariat avec Little Big Monsters \u00c9ditions) : en bonus, retour sur la saga t\u00e9l\u00e9vis\u00e9e imagin\u00e9e par Kenneth Johnson.<\/li>\n\n\n\n<li><em>Comics V tome 2\/6<\/em>&nbsp;(Black Box \u00c9ditions, en partenariat avec Little Big Monsters \u00c9ditions) : en&nbsp; bonus, portraits des auteurs Carmine Infantino et Cary Bates, deux l\u00e9gendes des comics.<\/li>\n<\/ul>\n\n\n\n<p><strong>2023<\/strong><\/p>\n\n\n\n<ul style=\"margin-top:0;margin-bottom:0;padding-right:0;padding-left:0\" class=\"wp-block-list has-small-font-size\">\n<li><em>Godzilla \u00c8re Heisei Tome 2<\/em>&nbsp;(Little Big Monsters \u00c9ditions, en partenariat avec Black Box \u00c9ditions) : ouvrage consacr\u00e9 \u00e0 la deuxi\u00e8me p\u00e9riode cin\u00e9matographique de Godzilla. Comprend de nombreux entretiens : Ken Tanaka, Yuichi Abe, Megumi Odaka, Hurricane Ryu Hariken, Shelley Sweeney, Wataru Fukuda, Yosuke Nakano et Volker Engel.<\/li>\n\n\n\n<li>BD&nbsp;<em>Mega<\/em>&nbsp;de Salvator Sanz (\u00c9dition Ilatina) : dossier sur le kaij\u00fb-eiga.<\/li>\n\n\n\n<li>Manga&nbsp;<em>Battle Fever J&nbsp;<\/em>(Black Box \u00c9ditions\/Little Big Monsters \u00c9ditions) : dossier sur la s\u00e9rie t\u00e9l\u00e9vis\u00e9e&nbsp;<em>Battle Fever J<\/em>.<\/li>\n\n\n\n<li>Manga&nbsp;<em>Gavan\/Sharivan&nbsp;<\/em>(Black Box \u00c9ditions\/Little Big Monsters \u00c9ditions)&nbsp;: dossier sur la s\u00e9rie t\u00e9l\u00e9vis\u00e9e&nbsp;<em>X-Or&nbsp;<\/em>(Gavan).<\/li>\n<\/ul>\n\n\n\n<p><strong>2022<\/strong><\/p>\n\n\n\n<ul style=\"margin-top:0;margin-bottom:0;padding-right:0;padding-left:0\" class=\"wp-block-list has-small-font-size\">\n<li>Manga&nbsp;<em>Turboranger&nbsp;<\/em>(Black Box \u00c9ditions\/Little Big Monsters \u00c9ditions)&nbsp;: dossier sur la s\u00e9rie t\u00e9l\u00e9vis\u00e9e&nbsp;<em>Turboranger<\/em>.<\/li>\n\n\n\n<li>Manga&nbsp;<em>Liveman&nbsp;<\/em>(Black Box \u00c9ditions\/Little Big Monsters \u00c9ditions)&nbsp;: dossier sur la s\u00e9rie t\u00e9l\u00e9vis\u00e9e&nbsp;<em>Liveman<\/em>, entrevue avec l\u2019actrice Megumi Mori.<\/li>\n<\/ul>\n\n\n\n<p><strong>2021<\/strong><\/p>\n\n\n\n<ul style=\"margin-top:0;margin-right:0;margin-bottom:0;margin-left:0;padding-right:0;padding-left:0\" class=\"wp-block-list has-small-font-size\">\n<li>Manga&nbsp;<em>Fatal Fury&nbsp;<\/em>(Black Box \u00c9ditions\/Little Big Monsters \u00c9ditions)&nbsp;: dossier sur la saga vid\u00e9oludique de SNK&nbsp;<em>Fatal Fury<\/em>.<\/li>\n\n\n\n<li>Manga&nbsp;<em>Denjiman&nbsp;<\/em>(Black Box \u00c9ditions\/Little Big Monsters \u00c9ditions)&nbsp;: dossier sur les origines du tokusatsu, retour sur la s\u00e9rie t\u00e9l\u00e9vis\u00e9e&nbsp;<em>Denjiman<\/em>.<\/li>\n\n\n\n<li>Manga&nbsp;<em>Bioman&nbsp;<\/em>(Black Box \u00c9ditions\/Little Big Monsters \u00c9ditions)&nbsp;: dossier sur la s\u00e9rie, portrait de l\u2019auteur du manga, entretien avec Michiko Makino et Sumiko Tanaka (actrice de la s\u00e9rie), entrevue avec Michel Barouille (chanteur du g\u00e9n\u00e9rique fran\u00e7ais).<\/li>\n\n\n\n<li>Comics Godzilla (\u00c9ditions Vestron) :&nbsp;<em>Godzilla in hell<\/em>. Pr\u00e9face sur les monstres de la T\u00f4h\u00f4.<\/li>\n\n\n\n<li>Comics Godzilla (\u00c9ditions Vestron) :&nbsp;<em>Godzilla rage across time<\/em>. Pr\u00e9face sur le kaij\u00fb-eiga.<\/li>\n\n\n\n<li>Article&nbsp;<em>King Kong contre Godzilla&nbsp;<\/em>pour le magazine l\u2019\u00c9cran Fantastique #9 reboot.<\/li>\n<\/ul>\n\n\n\n<p><strong>2019<\/strong><\/p>\n\n\n\n<ul style=\"margin-top:0;margin-bottom:0;padding-right:0;padding-left:0\" class=\"wp-block-list has-small-font-size\">\n<li><em>Godzilla, \u00e8re Showa&nbsp;<\/em>(Little Big Monsters \u00c9ditions) : 1<sup>er<\/sup>&nbsp;ouvrage francophone sur la premi\u00e8re \u00e8re cin\u00e9matographique du Roi des Monstres. Entretien avec Akira Takarada.<\/li>\n<\/ul>\n\n\n\n<p><strong>2018<\/strong><\/p>\n\n\n\n<ul style=\"margin-top:0;margin-bottom:0;padding-right:0;padding-left:0\" class=\"wp-block-list has-small-font-size\">\n<li style=\"padding-top:0;padding-right:0;padding-bottom:0;padding-left:0\">Publication Jiban\/Metalder, \u00e0 l\u2019occasion de la venue des acteurs en France \u00e0 la Convention Comics Games 2 \u00e0 Sorgues les 29 et 30 septembre 2018. Entrevue avec Seikoh Senoo (Metalder) et Hiroshi Tokoro (Jiban).<\/li>\n<\/ul>\n\n\n\n<p><strong>2017<\/strong><\/p>\n\n\n\n<ul style=\"margin-top:0;margin-bottom:0;padding-right:0;padding-left:0\" class=\"wp-block-list has-small-font-size\">\n<li><em>Hommage au Club Doroth\u00e9e, 30<\/em><em><sup>e<\/sup><\/em><em>&nbsp;anniversaire<\/em>&nbsp;(\u00c9dition Ynnis)&nbsp;: dossier sur le tokusatsu en France, retour sur la s\u00e9rie&nbsp;<em>Bioman<\/em>.<\/li>\n\n\n\n<li><em>Bioman, la bio-bible<\/em>, 1<sup>re<\/sup>&nbsp;encyclop\u00e9die francophone sur la s\u00e9rie sentai&nbsp;<em>Bioman<\/em>&nbsp;(auto-\u00e9dition).<\/li>\n<\/ul>\n\n\n\n<p class=\"has-montserrat-font-family has-large-font-size\" style=\"margin-top:0;margin-right:0;margin-bottom:0;margin-left:0;padding-top:46px;padding-right:0;padding-bottom:24px;padding-left:0\"><strong>Entrevues s\u00e9lectives de l\u2019auteur<\/strong><\/p>\n\n\n\n<ul style=\"margin-top:0;margin-bottom:0;padding-right:0;padding-left:0\" class=\"wp-block-list has-small-font-size\">\n<li>Kenneth Johnson, r\u00e9alisateur de&nbsp;<em>V<\/em>&nbsp;(avec Vania Holodiline).<\/li>\n\n\n\n<li>Pauline Larrieu, com\u00e9dienne, voix fran\u00e7aise de Diana dans&nbsp;<em>V<\/em>.<\/li>\n\n\n\n<li>Alice Badler, s\u0153ur de Jane Badler (Diana dans&nbsp;<em>V<\/em>).<\/li>\n\n\n\n<li>Michiko Makino, com\u00e9dienne (s\u00e9rie&nbsp;<em>Bioman<\/em>).*<\/li>\n\n\n\n<li>Sumiko Tanaka, com\u00e9dienne (s\u00e9rie&nbsp;<em>Bioman<\/em>).*<\/li>\n\n\n\n<li>Michel Barouille, musicien\/chanteur (G\u00e9n\u00e9rique&nbsp;<em>Bioman<\/em>,&nbsp;<em>Le tour du monde en quatre-vingts jours<\/em>).*<\/li>\n\n\n\n<li>Yoshikatsu Fujuki, com\u00e9dien, cascadeur (s\u00e9rie&nbsp;<em>Kamen Rider Black RX<\/em>).*<\/li>\n\n\n\n<li>Seikoh Senoo, com\u00e9dien (s\u00e9rie&nbsp;<em>Metalder<\/em>).*<\/li>\n\n\n\n<li>Hiroshi Tokoro, com\u00e9dien (s\u00e9rie&nbsp;<em>Jiban<\/em>).*<\/li>\n\n\n\n<li>Takumi Tsutsui, com\u00e9dien (s\u00e9rie&nbsp;<em>Giraya<\/em>).*<\/li>\n\n\n\n<li>Nobuhiro Okaseko, character-designer. Animateur sur les s\u00e9ries&nbsp;<em>Olive et Tom<\/em>,&nbsp;<em>Conan le fils du futur&nbsp;<\/em>ou&nbsp;<em>Cherry Miel<\/em>.*<\/li>\n\n\n\n<li>Megumi Mori, com\u00e9dienne (s\u00e9rie&nbsp;<em>Liveman<\/em>).*<\/li>\n\n\n\n<li>Akira Ohashi, acteur\/cascadeur (film&nbsp;<em>Zeiram<\/em>).*<\/li>\n\n\n\n<li>Yuichi Abe, r\u00e9alisateur, r\u00e9alisateur d\u2019effets sp\u00e9ciaux (<em>Godzilla contre Biollante<\/em>,&nbsp;<em>Ultraman Mebius<\/em>).*<\/li>\n\n\n\n<li>Akira Takarada, com\u00e9dien (sur plusieurs films&nbsp;<em>Godzilla<\/em>).<\/li>\n\n\n\n<li>Ken Tanaka, com\u00e9dien (<em>Le retour de Godzilla<\/em>).*<\/li>\n\n\n\n<li>Megumi Odaka, com\u00e9dienne (saga&nbsp;<em>Godzilla<\/em>)*<\/li>\n\n\n\n<li>Huricane Ryu Hariken, acteur, r\u00e9alisateur, dessinateur, mangaka (saga&nbsp;<em>Godzilla<\/em>).*<\/li>\n\n\n\n<li>Shelley Sweeney, com\u00e9dienne (saga&nbsp;<em>Godzilla<\/em>).*<\/li>\n\n\n\n<li>Wataru Fukuda, acteur\/cascadeur (saga&nbsp;<em>Godzilla<\/em>).*<\/li>\n\n\n\n<li>Yosuke Nakano, storyboarder, assistant-r\u00e9alisateur (saga&nbsp;<em>Godzilla<\/em>).*<\/li>\n\n\n\n<li>Volker Engel, r\u00e9alisateur d\u2019effets sp\u00e9ciaux (<em>Godzilla&nbsp;<\/em>de Roland Emmerich).<\/li>\n<\/ul>\n\n\n\n<p style=\"margin-top:var(--wp--preset--spacing--40);margin-bottom:var(--wp--preset--spacing--40);font-size:0.6rem\">* En collaboration avec Patrice Ratier (Five Colors Company) et Amandine Martel, traductrice japonais\/fran\u00e7ais.<\/p>\n","protected":false},"excerpt":{"rendered":"<p>De l\u2019auteur 2025 2024 2023 2022 2021 2019 2018 2017 Entrevues s\u00e9lectives de l\u2019auteur * En collaboration avec Patrice Ratier (Five Colors Company) et Amandine Martel, traductrice japonais\/fran\u00e7ais.<\/p>\n","protected":false},"author":1,"featured_media":0,"parent":0,"menu_order":0,"comment_status":"closed","ping_status":"closed","template":"","meta":{"footnotes":""},"class_list":["post-42","page","type-page","status-publish","hentry"],"_links":{"self":[{"href":"https:\/\/lbm-editions.com\/index.php?rest_route=\/wp\/v2\/pages\/42","targetHints":{"allow":["GET"]}}],"collection":[{"href":"https:\/\/lbm-editions.com\/index.php?rest_route=\/wp\/v2\/pages"}],"about":[{"href":"https:\/\/lbm-editions.com\/index.php?rest_route=\/wp\/v2\/types\/page"}],"author":[{"embeddable":true,"href":"https:\/\/lbm-editions.com\/index.php?rest_route=\/wp\/v2\/users\/1"}],"replies":[{"embeddable":true,"href":"https:\/\/lbm-editions.com\/index.php?rest_route=%2Fwp%2Fv2%2Fcomments&post=42"}],"version-history":[{"count":5,"href":"https:\/\/lbm-editions.com\/index.php?rest_route=\/wp\/v2\/pages\/42\/revisions"}],"predecessor-version":[{"id":49,"href":"https:\/\/lbm-editions.com\/index.php?rest_route=\/wp\/v2\/pages\/42\/revisions\/49"}],"wp:attachment":[{"href":"https:\/\/lbm-editions.com\/index.php?rest_route=%2Fwp%2Fv2%2Fmedia&parent=42"}],"curies":[{"name":"wp","href":"https:\/\/api.w.org\/{rel}","templated":true}]}}